sor of t and 1.
1
Let r(n) = -5*n - 1. Let q be r(-13). What is the highest common divisor of q and 16?
16
Let n(x) = 6 - 3*x**2 - 4*x - x**2 - 3*x**3 + 4*x**3. Suppose 4*a + 0*a = 24. Let b be n(a). What is the greatest common divisor of b and 18?
18
Let q be (0 - 1)*144/(-2). Let r be 0/(2*(-3 - -2)). Suppose r = 5*s - q + 12. What is the greatest common factor of s and 12?
12
Let k(c) = c**2 - 11*c + 14. Let s be k(10). Suppose 5*x + 65 = 5*h, -2*h - s*x + 8 = -h. Calculate the greatest common factor of 108 and h.
12
Let m(l) = 3*l + 30. Let j be m(-8). Suppose x + x - 6 = 0. Suppose -2 = 3*w - 5*r + 4, w = x*r - 6. Calculate the greatest common divisor of j and w.
3
Suppose -4 = -4*d + 12. Let l(z) be the first derivative of 2*z**3/3 - 3*z**2/2 + z - 3. Let j be l(5). What is the highest common factor of d and j?
4
Let f = -1 - 1. Let i(r) = 42*r**2 + 4*r + 2. Let b be i(f). Let s = -95 - -113. Calculate the greatest common factor of b and s.
18
Let w = -136 + 194. Calculate the greatest common factor of w and 145.
29
Suppose -6*j + 22 = -5*j + 4*a, -3*a = 5*j - 127. What is the highest common factor of j and 65?
13
Suppose 323 = y + 3*w, 4*y - 7*w = -2*w + 1207. What is the highest common factor of y and 28?
28
Suppose 2*f - 19 = 27. Suppose -175 = -3*g + 584. Calculate the highest common factor of f and g.
23
Suppose 39 = 4*f + 23. What is the highest common factor of 20 and f?
4
Let d(m) = -m**3 - 2*m**2 + 5*m - 11. Let t be d(-5). What is the greatest common divisor of t and 13?
13
Let q(k) = k**2 + 9*k + 10. Let t be q(-7). Let v = t + 10. Let y(h) = h**3 - 5*h**2 - 7*h + 7. Let n be y(v). Calculate the greatest common factor of 3 and n.
1
Let f = -17 - -6. Let d be f/3*(-4 - 2). Suppose 5*i - d = 4*i. Calculate the greatest common factor of i and 2.
2
Let m be 24 - (-1 + 4 - 0). Let w = m - 6. Calculate the greatest common factor of 3 and w.
3
Suppose 6*k = -2*t + k + 22, 4*k = 2*t - 22. Calculate the highest common factor of t and 77.
11
Suppose 4*l - 23 = 5*p - 2*p, -3*l - 4 = 2*p. Suppose 2*i + v = -70, l*i + 3*i + 175 = 2*v. Let f = -20 - i. What is the highest common factor of f and 5?
5
Let d(t) = -t**3 - 6*t**2 - 2*t - 9. Let o be d(-6). Suppose -5*l - o*w + 142 = 0, 20 + 28 = 2*l - w. What is the highest common divisor of l and 65?
13
Let i(r) = -r - 11. Let j be i(-19). Let p(v) = v**3 - 8*v**2 + 2*v - 11. Let a be p(j). Calculate the highest common divisor of a and 1.
1
Let a = 2 - 0. What is the highest common factor of 20 and a?
2
Let v(h) = -h - 4. Let t be v(-5). Let z be 1 + -1 + 2 - t. Let c be 2/4*-2*-9. What is the greatest common divisor of z and c?
1
Suppose 4*k - 139 = -11. Calculate the greatest common divisor of k and 16.
16
Let s(v) = -v + 14. Let p be s(7). Suppose 14 = 2*g - 3*k, -g + 3*k + 9 + 4 = 0. Let n be p/(-7)*(g - 18). Calculate the highest common divisor of n and 17.
17
Let c(k) = k**2 - 9*k + 8. Let u be c(10). Calculate the greatest common factor of u and 72.
18
Suppose 0 = -2*x + 13 - 3. Suppose -x*a + a = -12. Suppose 2*z + 0*z - v - 6 = 0, -z + a*v - 7 = 0. What is the highest common divisor of z and 25?
5
Let d = -5 + 11. Let j(b) = -b**2 + 8*b - 2. Let l be j(7). Suppose 3*u = 4 + l. Calculate the greatest common divisor of u and d.
3
Let m = -51 - -117. What is the greatest common factor of m and 6?
6
Let x = 8 + 10. What is the greatest common divisor of x and 45?
9
Let k = -2 - 10. Let z be k/((-1)/(-2) - 2). Suppose -l - 352 = -5*l. What is the greatest common divisor of l and z?
8
Let r(o) = o**3 - 4*o**2 + o - 3. Let k be r(4). Let w be 6 + (1 - (k - -1)). What is the greatest common divisor of w and 10?
5
Let q be -2 + 1 - -3 - -16. Suppose k = -2*k + q. What is the greatest common divisor of k and 24?
6
Let d(h) = -h**2 - h + 14. Let m(c) = -c**2 - 2*c + 14. Let l(a) = 3*d(a) - 2*m(a). Let v be l(0). Calculate the greatest common divisor of 154 and v.
14
Let i be (-3 + 1)/(2/(-32)). Suppose 5*z = 5 + 15. What is the highest common factor of z and i?
4
Let b(t) = t - 3. Let a be b(14). Calculate the greatest common factor of a and 1.
1
Let c(i) = i**3 + 9*i**2 + 7*i + 6. Let w be c(-7). Calculate the highest common factor of w and 11.
11
Let y(g) = 5*g + 0*g - 3*g + 8 - 5*g. Let n be y(-8). Suppose 0 = 6*b - 3*b + 4*a - 8, 0 = 5*b + 2*a - n. Calculate the greatest common divisor of b and 4.
4
Let s be -6*-4*(14 + -3). What is the highest common divisor of 24 and s?
24
Suppose -f + 0*f = -7. Calculate the greatest common factor of f and 14.
7
Let q = -4 - -7. Let a(m) = 3*m + 8*m - q - m**2 - 3*m. Let o be a(7). What is the highest common divisor of o and 36?
4
Suppose 5*p = -v + 6, 2*v + 3*p - 10 = 9. Calculate the greatest common divisor of 22 and v.
11
Suppose -16*t - 351 = -19*t. Calculate the greatest common divisor of t and 13.
13
Let l be (2 - 0) + (-133)/(-19). Let h be 1*54*(-16)/(-6). Suppose h = 2*g + 2*g. What is the highest common factor of l and g?
9
Let h = -22 + 38. What is the highest common divisor of h and 32?
16
Suppose -2*o = 2*o - 44. What is the greatest common divisor of o and 99?
11
Let b(x) = 3*x**2 - 5*x - 6. Let o be b(5). What is the greatest common factor of 77 and o?
11
Suppose -4*g + 36 = -7*g. Let n be (3/6)/((-1)/g). Suppose -5*s + n = -4*s. What is the highest common factor of s and 9?
3
Let m be (-4)/(-18) + 241/9. Let i = 47 - m. What is the greatest common factor of i and 60?
20
Suppose 0*r - 5*r = -390. Calculate the greatest common factor of r and 52.
26
Suppose -12 = -g - 2*g, -3*t + g = -17. Let r be -6*(8/6 + -2). Suppose r*a = 53 + t. What is the greatest common divisor of a and 15?
15
Suppose -20 = -2*u + 212. What is the highest common divisor of u and 29?
29
Let z(r) = 21*r + 14. Let i be z(12). Suppose 2*a + 0*a - i = 0. Suppose 5*t - a + 23 = 0. Calculate the highest common factor of t and 11.
11
Let x = -31 - -35. What is the greatest common divisor of 32 and x?
4
Let g = 43 + -23. Let d = 16 + -16. Suppose 2*c - 440 = -d*c. Calculate the highest common factor of c and g.
20
Suppose -3*b = 5*b - 256. What is the greatest common factor of 4 and b?
4
Let y(b) = b**2 - 7*b + 7. Let w be y(11). What is the highest common divisor of 17 and w?
17
Suppose 3*f - 84 = -0*f. Calculate the highest common factor of 140 and f.
28
Suppose 6*k - 34 = 2*k + 3*j, -4*k = 2*j - 24. Suppose 4*p + 0*i + i - 23 = 0, 5*p + 3*i = 20. What is the highest common factor of k and p?
7
Let v(n) = -n**2 - 5*n + 4. Let l = -2 - 3. Let b be v(l). Suppose 8 = 4*w - 2*w. What is the highest common divisor of b and w?
4
Suppose 3*q - l - 95 = -3*l, -4*q + 135 = l. Calculate the greatest common factor of 5 and q.
5
Suppose 26 = 5*m - 99. Let r be 201/2 - (10/4 - 2). Calculate the highest common divisor of m and r.
25
Let a = 2 + -2. Suppose a = 3*y - 0*y - 744. Suppose -2*r - 2*m = -y, 3*r - 73 = m + 307. What is the greatest common divisor of 14 and r?
14
Let p(b) = -b**3 - 3*b**2 + 4*b + 4. Let l be p(-4). Let o be (l + 1)*(4 + 0). Suppose -53 + 57 = t. Calculate the highest common divisor of t and o.
4
Suppose 5*b - 7 = 3*j, -2*j + 5*j + 4*b = 11. What is the greatest common factor of j and 11?
1
Let o(l) = -l**2 - 23*l + 15*l + 14*l - 3. Let z be o(5). What is the greatest common factor of 2 and z?
2
Suppose 7*o = 6*o + 24. What is the highest common divisor of o and 96?
24
Suppose -7*q + 47 = -4*q + 2*i, -i = -4*q + 59. What is the greatest common divisor of 6 and q?
3
Let j(s) = s**2 - 14*s + 3. Let y be j(16). Calculate the greatest common divisor of y and 5.
5
Let g be 2 + ((-666)/(-2) - -2). Suppose 267 = 3*v + m - 5*m, m - g = -4*v. What is the highest common divisor of v and 34?
17
Let w = 400 + -224. Calculate the greatest common factor of 11 and w.
11
Suppose t - 29 + 8 = 0. What is the highest common factor of t and 21?
21
Suppose 2*x = -4*o + 26, -5*o + 2*x = 3*x - 31. Calculate the greatest common factor of 18 and o.
6
Let i be (0 + 1)/1 + (-40 - -40). Suppose 5 + 0 = m. Calculate the highest common divisor of m and i.
1
Let a = 76 + -67. What is the greatest common factor of a and 99?
9
Let q be 1 - (-1)/(1/(-33)). Let k = -2 - q. Calculate the greatest common factor of k and 10.
10
Let y(z) = 160*z**2 + 1. Let m be y(-1). What is the greatest common 